[INFO] fetching crate docopt_macros 0.8.1...
[INFO] checking docopt_macros-0.8.1 against master#af3c6e733a40e671550e0f0f5aeecaa13772ba56 for pr-74989
[INFO] extracting crate docopt_macros 0.8.1 into /workspace/builds/worker-5/source
[INFO] validating manifest of crates.io crate docopt_macros 0.8.1 on toolchain af3c6e733a40e671550e0f0f5aeecaa13772ba56
[INFO] running `Command { std: "/workspace/cargo-home/bin/cargo" "+af3c6e733a40e671550e0f0f5aeecaa13772ba56" "read-manifest" "--manifest-path" "Cargo.toml", kill_on_drop: false }`
[INFO] started tweaking crates.io crate docopt_macros 0.8.1
[INFO] finished tweaking crates.io crate docopt_macros 0.8.1
[INFO] tweaked toml for crates.io crate docopt_macros 0.8.1 written to /workspace/builds/worker-5/source/Cargo.toml
[INFO] running `Command { std: "/workspace/cargo-home/bin/cargo" "+af3c6e733a40e671550e0f0f5aeecaa13772ba56" "generate-lockfile" "--manifest-path" "Cargo.toml" "-Zno-index-update", kill_on_drop: false }`
[INFO] running `Command { std: "/workspace/cargo-home/bin/cargo" "+af3c6e733a40e671550e0f0f5aeecaa13772ba56" "fetch" "--locked" "--manifest-path" "Cargo.toml", kill_on_drop: false }`
[INFO] running `Command { std: "docker" "create" "-v" "/var/lib/crater-agent-workspace/builds/worker-5/target:/opt/rustwide/target:rw,Z" "-v" "/var/lib/crater-agent-workspace/builds/worker-5/source:/opt/rustwide/workdir:ro,Z" "-v" "/var/lib/crater-agent-workspace/cargo-home:/opt/rustwide/cargo-home:ro,Z" "-v" "/var/lib/crater-agent-workspace/rustup-home:/opt/rustwide/rustup-home:ro,Z" "-e" "SOURCE_DIR=/opt/rustwide/workdir" "-e" "CARGO_TARGET_DIR=/opt/rustwide/target" "-e" "CARGO_HOME=/opt/rustwide/cargo-home" "-e" "RUSTUP_HOME=/opt/rustwide/rustup-home" "-w" "/opt/rustwide/workdir" "-m" "1610612736" "--user" "0:0" "--network" "none" "rustops/crates-build-env@sha256:d92eaeed33fa75130ca1ee6c8a01d1ffb62bac859dfdfb3450e3e5d1c0146529" "/opt/rustwide/cargo-home/bin/cargo" "+af3c6e733a40e671550e0f0f5aeecaa13772ba56" "metadata" "--no-deps" "--format-version=1", kill_on_drop: false }`
[INFO] [stderr] WARNING: Your kernel does not support swap limit capabilities or the cgroup is not mounted. Memory limited without swap.
[INFO] [stdout] 74422d636b020a141e3932b0321618db44d75c8d3055c01f9f8e717635c59014
[INFO] running `Command { std: "docker" "start" "-a" "74422d636b020a141e3932b0321618db44d75c8d3055c01f9f8e717635c59014", kill_on_drop: false }`
[INFO] running `Command { std: "docker" "inspect" "74422d636b020a141e3932b0321618db44d75c8d3055c01f9f8e717635c59014", kill_on_drop: false }`
[INFO] running `Command { std: "docker" "rm" "-f" "74422d636b020a141e3932b0321618db44d75c8d3055c01f9f8e717635c59014", kill_on_drop: false }`
[INFO] [stdout] 74422d636b020a141e3932b0321618db44d75c8d3055c01f9f8e717635c59014
[INFO] running `Command { std: "docker" "create" "-v" "/var/lib/crater-agent-workspace/builds/worker-5/target:/opt/rustwide/target:rw,Z" "-v" "/var/lib/crater-agent-workspace/builds/worker-5/source:/opt/rustwide/workdir:ro,Z" "-v" "/var/lib/crater-agent-workspace/cargo-home:/opt/rustwide/cargo-home:ro,Z" "-v" "/var/lib/crater-agent-workspace/rustup-home:/opt/rustwide/rustup-home:ro,Z" "-e" "SOURCE_DIR=/opt/rustwide/workdir" "-e" "CARGO_TARGET_DIR=/opt/rustwide/target" "-e" "CARGO_INCREMENTAL=0" "-e" "RUST_BACKTRACE=full" "-e" "RUSTFLAGS=--cap-lints=forbid" "-e" "CARGO_HOME=/opt/rustwide/cargo-home" "-e" "RUSTUP_HOME=/opt/rustwide/rustup-home" "-w" "/opt/rustwide/workdir" "-m" "1610612736" "--user" "0:0" "--network" "none" "rustops/crates-build-env@sha256:d92eaeed33fa75130ca1ee6c8a01d1ffb62bac859dfdfb3450e3e5d1c0146529" "/opt/rustwide/cargo-home/bin/cargo" "+af3c6e733a40e671550e0f0f5aeecaa13772ba56" "check" "--frozen" "--all" "--all-targets" "--message-format=json", kill_on_drop: false }`
[INFO] [stderr] WARNING: Your kernel does not support swap limit capabilities or the cgroup is not mounted. Memory limited without swap.
[INFO] [stdout] 5782bb6f7c98e04cbae4d7149604537ebdfbce03c204d98536024ed82b4726c3
[INFO] running `Command { std: "docker" "start" "-a" "5782bb6f7c98e04cbae4d7149604537ebdfbce03c204d98536024ed82b4726c3", kill_on_drop: false }`
[INFO] [stderr]    Compiling regex v0.2.11
[INFO] [stderr]    Compiling syn v1.0.40
[INFO] [stderr]    Compiling serde v1.0.116
[INFO] [stderr]    Compiling serde_derive v1.0.116
[INFO] [stderr]     Checking lazy_static v1.4.0
[INFO] [stderr]     Checking ucd-util v0.1.8
[INFO] [stderr]     Checking utf8-ranges v1.0.4
[INFO] [stderr]    Compiling strsim v0.6.0
[INFO] [stderr]    Compiling thread_local v0.3.6
[INFO] [stderr]    Compiling memchr v2.3.3
[INFO] [stderr]     Checking aho-corasick v0.6.10
[INFO] [stderr]     Checking regex-syntax v0.5.6
[INFO] [stderr]     Checking docopt v0.8.3
[INFO] [stderr]     Checking docopt_macros v0.8.1 (/opt/rustwide/workdir)
[INFO] [stdout] error[E0557]: feature has been removed
[INFO] [stdout]  --> src/macro.rs:4:30
[INFO] [stdout]   |
[INFO] [stdout] 4 | #![feature(plugin_registrar, quote, rustc_private)]
[INFO] [stdout]   |                              ^^^^^ feature has been removed
[INFO] [stdout] 
[INFO] [stdout] 
[INFO] [stdout] error[E0557]: feature has been removed
[INFO] [stdout]  --> src/macro.rs:4:30
[INFO] [stdout]   |
[INFO] [stdout] 4 | #![feature(plugin_registrar, quote, rustc_private)]
[INFO] [stdout]   |                              ^^^^^ feature has been removed
[INFO] [stdout] 
[INFO] [stdout] 
[INFO] [stderr] error: could not compile `docopt_macros`.
[INFO] [stdout] error[E0463]: can't find crate for `syntax`
[INFO] [stdout]  --> src/macro.rs:9:1
[INFO] [stdout]   |
[INFO] [stdout] 9 | extern crate syntax;
[INFO] [stdout]   | ^^^^^^^^^^^^^^^^^^^^ can't find crate
[INFO] [stdout] 
[INFO] [stdout] 
[INFO] [stderr] 
[INFO] [stdout] error: aborting due to 2 previous errors
[INFO] [stdout] 
[INFO] [stdout] 
[INFO] [stderr] To learn more, run the command again with --verbose.
[INFO] [stdout] Some errors have detailed explanations: E0463, E0557.
[INFO] [stdout] 
[INFO] [stderr] warning: build failed, waiting for other jobs to finish...
[INFO] [stdout] For more information about an error, try `rustc --explain E0463`.
[INFO] [stdout] 
[INFO] [stdout] error[E0463]: can't find crate for `syntax`
[INFO] [stdout]  --> src/macro.rs:9:1
[INFO] [stdout]   |
[INFO] [stdout] 9 | extern crate syntax;
[INFO] [stdout]   | ^^^^^^^^^^^^^^^^^^^^ can't find crate
[INFO] [stdout] 
[INFO] [stdout] 
[INFO] [stdout] error: aborting due to 2 previous errors
[INFO] [stdout] 
[INFO] [stdout] 
[INFO] [stdout] Some errors have detailed explanations: E0463, E0557.
[INFO] [stdout] 
[INFO] [stdout] For more information about an error, try `rustc --explain E0463`.
[INFO] [stdout] 
[INFO] [stderr] error: build failed
[INFO] running `Command { std: "docker" "inspect" "5782bb6f7c98e04cbae4d7149604537ebdfbce03c204d98536024ed82b4726c3", kill_on_drop: false }`
[INFO] running `Command { std: "docker" "rm" "-f" "5782bb6f7c98e04cbae4d7149604537ebdfbce03c204d98536024ed82b4726c3", kill_on_drop: false }`
[INFO] [stdout] 5782bb6f7c98e04cbae4d7149604537ebdfbce03c204d98536024ed82b4726c3
